{"id":13863,"date":"2026-02-04T09:45:19","date_gmt":"2026-02-04T14:45:19","guid":{"rendered":"https:\/\/ciraig.org\/?post_type=student_projects&#038;p=13863"},"modified":"2026-03-23T12:25:47","modified_gmt":"2026-03-23T16:25:47","slug":"coupler-les-modeles-de-systeme-energetique-avec-lanalyse-de-cycle-de-vie-2","status":"publish","type":"student_projects","link":"https:\/\/ciraig.org\/index.php\/fr\/student-projects\/coupler-les-modeles-de-systeme-energetique-avec-lanalyse-de-cycle-de-vie-2\/","title":{"rendered":"Coupler les mod\u00e8les de syst\u00e8me \u00e9nerg\u00e9tique avec l\u2019analyse de cycle de vie"},"excerpt":{"rendered":"","protected":false},"author":1,"featured_media":13862,"menu_order":0,"template":"","meta":[],"thematique":[1184],"class_list":["post-13863","student_projects","type-student_projects","status-publish","has-post-thumbnail","hentry","thematique-modelisation_energies","university-university"],"yoast_head":"<!-- This site is optimized with the Yoast SEO plugin v27.4 - https:\/\/yoast.com\/product\/yoast-seo-wordpress\/ -->\n<title>Coupler les mod\u00e8les de syst\u00e8me \u00e9nerg\u00e9tique avec l\u2019analyse de cycle de vie - CIRAIG<\/title>\n<meta name=\"robots\" content=\"index, follow, max-snippet:-1, max-image-preview:large, max-video-preview:-1\" \/>\n<link rel=\"canonical\" href=\"https:\/\/ciraig.org\/index.php\/fr\/student-projects\/coupler-les-modeles-de-systeme-energetique-avec-lanalyse-de-cycle-de-vie-2\/\" \/>\n<meta property=\"og:locale\" content=\"en_US\" \/>\n<meta property=\"og:type\" content=\"article\" \/>\n<meta property=\"og:title\" content=\"Coupler les mod\u00e8les de syst\u00e8me \u00e9nerg\u00e9tique avec l\u2019analyse de cycle de vie - CIRAIG\" \/>\n<meta property=\"og:url\" content=\"https:\/\/ciraig.org\/index.php\/fr\/student-projects\/coupler-les-modeles-de-systeme-energetique-avec-lanalyse-de-cycle-de-vie-2\/\" \/>\n<meta property=\"og:site_name\" content=\"CIRAIG\" \/>\n<meta property=\"article:publisher\" content=\"https:\/\/www.facebook.com\/CIRAIG\/\" \/>\n<meta property=\"article:modified_time\" content=\"2026-03-23T16:25:47+00:00\" \/>\n<meta property=\"og:image\" content=\"https:\/\/ciraig.org\/wp-content\/uploads\/display_project_matthieu.png\" \/>\n\t<meta property=\"og:image:width\" content=\"1536\" \/>\n\t<meta property=\"og:image:height\" content=\"1024\" \/>\n\t<meta property=\"og:image:type\" content=\"image\/png\" \/>\n<meta name=\"twitter:card\" content=\"summary_large_image\" \/>\n<meta name=\"twitter:site\" content=\"@ciraig\" \/>\n<meta name=\"twitter:label1\" content=\"Est. reading time\" \/>\n\t<meta name=\"twitter:data1\" content=\"3 minutes\" \/>\n<script type=\"application\/ld+json\" class=\"yoast-schema-graph\">{\"@context\":\"https:\\\/\\\/schema.org\",\"@graph\":[{\"@type\":\"WebPage\",\"@id\":\"https:\\\/\\\/ciraig.org\\\/index.php\\\/fr\\\/student-projects\\\/coupler-les-modeles-de-systeme-energetique-avec-lanalyse-de-cycle-de-vie-2\\\/\",\"url\":\"https:\\\/\\\/ciraig.org\\\/index.php\\\/fr\\\/student-projects\\\/coupler-les-modeles-de-systeme-energetique-avec-lanalyse-de-cycle-de-vie-2\\\/\",\"name\":\"Coupler les mod\u00e8les de syst\u00e8me \u00e9nerg\u00e9tique avec l\u2019analyse de cycle de vie - CIRAIG\",\"isPartOf\":{\"@id\":\"https:\\\/\\\/ciraig.org\\\/#website\"},\"primaryImageOfPage\":{\"@id\":\"https:\\\/\\\/ciraig.org\\\/index.php\\\/fr\\\/student-projects\\\/coupler-les-modeles-de-systeme-energetique-avec-lanalyse-de-cycle-de-vie-2\\\/#primaryimage\"},\"image\":{\"@id\":\"https:\\\/\\\/ciraig.org\\\/index.php\\\/fr\\\/student-projects\\\/coupler-les-modeles-de-systeme-energetique-avec-lanalyse-de-cycle-de-vie-2\\\/#primaryimage\"},\"thumbnailUrl\":\"https:\\\/\\\/ciraig.org\\\/wp-content\\\/uploads\\\/display_project_matthieu.png\",\"datePublished\":\"2026-02-04T14:45:19+00:00\",\"dateModified\":\"2026-03-23T16:25:47+00:00\",\"breadcrumb\":{\"@id\":\"https:\\\/\\\/ciraig.org\\\/index.php\\\/fr\\\/student-projects\\\/coupler-les-modeles-de-systeme-energetique-avec-lanalyse-de-cycle-de-vie-2\\\/#breadcrumb\"},\"inLanguage\":\"en-CA\",\"potentialAction\":[{\"@type\":\"ReadAction\",\"target\":[\"https:\\\/\\\/ciraig.org\\\/index.php\\\/fr\\\/student-projects\\\/coupler-les-modeles-de-systeme-energetique-avec-lanalyse-de-cycle-de-vie-2\\\/\"]}]},{\"@type\":\"ImageObject\",\"inLanguage\":\"en-CA\",\"@id\":\"https:\\\/\\\/ciraig.org\\\/index.php\\\/fr\\\/student-projects\\\/coupler-les-modeles-de-systeme-energetique-avec-lanalyse-de-cycle-de-vie-2\\\/#primaryimage\",\"url\":\"https:\\\/\\\/ciraig.org\\\/wp-content\\\/uploads\\\/display_project_matthieu.png\",\"contentUrl\":\"https:\\\/\\\/ciraig.org\\\/wp-content\\\/uploads\\\/display_project_matthieu.png\",\"width\":1536,\"height\":1024},{\"@type\":\"BreadcrumbList\",\"@id\":\"https:\\\/\\\/ciraig.org\\\/index.php\\\/fr\\\/student-projects\\\/coupler-les-modeles-de-systeme-energetique-avec-lanalyse-de-cycle-de-vie-2\\\/#breadcrumb\",\"itemListElement\":[{\"@type\":\"ListItem\",\"position\":1,\"name\":\"Home\",\"item\":\"https:\\\/\\\/ciraig.org\\\/\"},{\"@type\":\"ListItem\",\"position\":2,\"name\":\"Student Projects\",\"item\":\"https:\\\/\\\/ciraig.org\\\/index.php\\\/student-projects\\\/\"},{\"@type\":\"ListItem\",\"position\":3,\"name\":\"Coupler les mod\u00e8les de syst\u00e8me \u00e9nerg\u00e9tique avec l\u2019analyse de cycle de vie\"}]},{\"@type\":\"WebSite\",\"@id\":\"https:\\\/\\\/ciraig.org\\\/#website\",\"url\":\"https:\\\/\\\/ciraig.org\\\/\",\"name\":\"CIRAIG\",\"description\":\"Shaping and implementing metrics for sustainability\",\"publisher\":{\"@id\":\"https:\\\/\\\/ciraig.org\\\/#organization\"},\"potentialAction\":[{\"@type\":\"SearchAction\",\"target\":{\"@type\":\"EntryPoint\",\"urlTemplate\":\"https:\\\/\\\/ciraig.org\\\/?s={search_term_string}\"},\"query-input\":{\"@type\":\"PropertyValueSpecification\",\"valueRequired\":true,\"valueName\":\"search_term_string\"}}],\"inLanguage\":\"en-CA\"},{\"@type\":\"Organization\",\"@id\":\"https:\\\/\\\/ciraig.org\\\/#organization\",\"name\":\"CIRAIG\",\"url\":\"https:\\\/\\\/ciraig.org\\\/\",\"logo\":{\"@type\":\"ImageObject\",\"inLanguage\":\"en-CA\",\"@id\":\"https:\\\/\\\/ciraig.org\\\/#\\\/schema\\\/logo\\\/image\\\/\",\"url\":\"https:\\\/\\\/ciraig.org\\\/wp-content\\\/uploads\\\/CIRAIG_NVID_logo_RGB_no-tagline.png\",\"contentUrl\":\"https:\\\/\\\/ciraig.org\\\/wp-content\\\/uploads\\\/CIRAIG_NVID_logo_RGB_no-tagline.png\",\"width\":2722,\"height\":1547,\"caption\":\"CIRAIG\"},\"image\":{\"@id\":\"https:\\\/\\\/ciraig.org\\\/#\\\/schema\\\/logo\\\/image\\\/\"},\"sameAs\":[\"https:\\\/\\\/www.facebook.com\\\/CIRAIG\\\/\",\"https:\\\/\\\/x.com\\\/ciraig\",\"https:\\\/\\\/www.linkedin.com\\\/company\\\/ciraig\\\/\"]}]}<\/script>\n<!-- \/ Yoast SEO plugin. -->","yoast_head_json":{"title":"Coupler les mod\u00e8les de syst\u00e8me \u00e9nerg\u00e9tique avec l\u2019analyse de cycle de vie - CIRAIG","robots":{"index":"index","follow":"follow","max-snippet":"max-snippet:-1","max-image-preview":"max-image-preview:large","max-video-preview":"max-video-preview:-1"},"canonical":"https:\/\/ciraig.org\/index.php\/fr\/student-projects\/coupler-les-modeles-de-systeme-energetique-avec-lanalyse-de-cycle-de-vie-2\/","og_locale":"en_US","og_type":"article","og_title":"Coupler les mod\u00e8les de syst\u00e8me \u00e9nerg\u00e9tique avec l\u2019analyse de cycle de vie - CIRAIG","og_url":"https:\/\/ciraig.org\/index.php\/fr\/student-projects\/coupler-les-modeles-de-systeme-energetique-avec-lanalyse-de-cycle-de-vie-2\/","og_site_name":"CIRAIG","article_publisher":"https:\/\/www.facebook.com\/CIRAIG\/","article_modified_time":"2026-03-23T16:25:47+00:00","og_image":[{"width":1536,"height":1024,"url":"https:\/\/ciraig.org\/wp-content\/uploads\/display_project_matthieu.png","type":"image\/png"}],"twitter_card":"summary_large_image","twitter_site":"@ciraig","twitter_misc":{"Est. reading time":"3 minutes"},"schema":{"@context":"https:\/\/schema.org","@graph":[{"@type":"WebPage","@id":"https:\/\/ciraig.org\/index.php\/fr\/student-projects\/coupler-les-modeles-de-systeme-energetique-avec-lanalyse-de-cycle-de-vie-2\/","url":"https:\/\/ciraig.org\/index.php\/fr\/student-projects\/coupler-les-modeles-de-systeme-energetique-avec-lanalyse-de-cycle-de-vie-2\/","name":"Coupler les mod\u00e8les de syst\u00e8me \u00e9nerg\u00e9tique avec l\u2019analyse de cycle de vie - CIRAIG","isPartOf":{"@id":"https:\/\/ciraig.org\/#website"},"primaryImageOfPage":{"@id":"https:\/\/ciraig.org\/index.php\/fr\/student-projects\/coupler-les-modeles-de-systeme-energetique-avec-lanalyse-de-cycle-de-vie-2\/#primaryimage"},"image":{"@id":"https:\/\/ciraig.org\/index.php\/fr\/student-projects\/coupler-les-modeles-de-systeme-energetique-avec-lanalyse-de-cycle-de-vie-2\/#primaryimage"},"thumbnailUrl":"https:\/\/ciraig.org\/wp-content\/uploads\/display_project_matthieu.png","datePublished":"2026-02-04T14:45:19+00:00","dateModified":"2026-03-23T16:25:47+00:00","breadcrumb":{"@id":"https:\/\/ciraig.org\/index.php\/fr\/student-projects\/coupler-les-modeles-de-systeme-energetique-avec-lanalyse-de-cycle-de-vie-2\/#breadcrumb"},"inLanguage":"en-CA","potentialAction":[{"@type":"ReadAction","target":["https:\/\/ciraig.org\/index.php\/fr\/student-projects\/coupler-les-modeles-de-systeme-energetique-avec-lanalyse-de-cycle-de-vie-2\/"]}]},{"@type":"ImageObject","inLanguage":"en-CA","@id":"https:\/\/ciraig.org\/index.php\/fr\/student-projects\/coupler-les-modeles-de-systeme-energetique-avec-lanalyse-de-cycle-de-vie-2\/#primaryimage","url":"https:\/\/ciraig.org\/wp-content\/uploads\/display_project_matthieu.png","contentUrl":"https:\/\/ciraig.org\/wp-content\/uploads\/display_project_matthieu.png","width":1536,"height":1024},{"@type":"BreadcrumbList","@id":"https:\/\/ciraig.org\/index.php\/fr\/student-projects\/coupler-les-modeles-de-systeme-energetique-avec-lanalyse-de-cycle-de-vie-2\/#breadcrumb","itemListElement":[{"@type":"ListItem","position":1,"name":"Home","item":"https:\/\/ciraig.org\/"},{"@type":"ListItem","position":2,"name":"Student Projects","item":"https:\/\/ciraig.org\/index.php\/student-projects\/"},{"@type":"ListItem","position":3,"name":"Coupler les mod\u00e8les de syst\u00e8me \u00e9nerg\u00e9tique avec l\u2019analyse de cycle de vie"}]},{"@type":"WebSite","@id":"https:\/\/ciraig.org\/#website","url":"https:\/\/ciraig.org\/","name":"CIRAIG","description":"Shaping and implementing metrics for sustainability","publisher":{"@id":"https:\/\/ciraig.org\/#organization"},"potentialAction":[{"@type":"SearchAction","target":{"@type":"EntryPoint","urlTemplate":"https:\/\/ciraig.org\/?s={search_term_string}"},"query-input":{"@type":"PropertyValueSpecification","valueRequired":true,"valueName":"search_term_string"}}],"inLanguage":"en-CA"},{"@type":"Organization","@id":"https:\/\/ciraig.org\/#organization","name":"CIRAIG","url":"https:\/\/ciraig.org\/","logo":{"@type":"ImageObject","inLanguage":"en-CA","@id":"https:\/\/ciraig.org\/#\/schema\/logo\/image\/","url":"https:\/\/ciraig.org\/wp-content\/uploads\/CIRAIG_NVID_logo_RGB_no-tagline.png","contentUrl":"https:\/\/ciraig.org\/wp-content\/uploads\/CIRAIG_NVID_logo_RGB_no-tagline.png","width":2722,"height":1547,"caption":"CIRAIG"},"image":{"@id":"https:\/\/ciraig.org\/#\/schema\/logo\/image\/"},"sameAs":["https:\/\/www.facebook.com\/CIRAIG\/","https:\/\/x.com\/ciraig","https:\/\/www.linkedin.com\/company\/ciraig\/"]}]}},"_links":{"self":[{"href":"https:\/\/ciraig.org\/index.php\/wp-json\/wp\/v2\/student_projects\/13863","targetHints":{"allow":["GET"]}}],"collection":[{"href":"https:\/\/ciraig.org\/index.php\/wp-json\/wp\/v2\/student_projects"}],"about":[{"href":"https:\/\/ciraig.org\/index.php\/wp-json\/wp\/v2\/types\/student_projects"}],"author":[{"embeddable":true,"href":"https:\/\/ciraig.org\/index.php\/wp-json\/wp\/v2\/users\/1"}],"version-history":[{"count":1,"href":"https:\/\/ciraig.org\/index.php\/wp-json\/wp\/v2\/student_projects\/13863\/revisions"}],"predecessor-version":[{"id":13865,"href":"https:\/\/ciraig.org\/index.php\/wp-json\/wp\/v2\/student_projects\/13863\/revisions\/13865"}],"wp:featuredmedia":[{"embeddable":true,"href":"https:\/\/ciraig.org\/index.php\/wp-json\/wp\/v2\/media\/13862"}],"wp:attachment":[{"href":"https:\/\/ciraig.org\/index.php\/wp-json\/wp\/v2\/media?parent=13863"}],"wp:term":[{"taxonomy":"thematique","embeddable":true,"href":"https:\/\/ciraig.org\/index.php\/wp-json\/wp\/v2\/thematique?post=13863"}],"curies":[{"name":"wp","href":"https:\/\/api.w.org\/{rel}","templated":true}]}}

Coupler les modèles de système énergétique avec l’analyse de cycle de vie

<!-- This site is optimized with the Yoast SEO plugin v27.4 - https://yoast.com/product/yoast-seo-wordpress/ -->
<title>Coupler les modèles de système énergétique avec l’analyse de cycle de vie - CIRAIG</title>
<meta name="robots" content="index, follow, max-snippet:-1, max-image-preview:large, max-video-preview:-1" />
<link rel="canonical" href="https://ciraig.org/index.php/fr/student-projects/coupler-les-modeles-de-systeme-energetique-avec-lanalyse-de-cycle-de-vie-2/" />
<meta property="og:locale" content="en_US" />
<meta property="og:type" content="article" />
<meta property="og:title" content="Coupler les modèles de système énergétique avec l’analyse de cycle de vie - CIRAIG" />
<meta property="og:url" content="https://ciraig.org/index.php/fr/student-projects/coupler-les-modeles-de-systeme-energetique-avec-lanalyse-de-cycle-de-vie-2/" />
<meta property="og:site_name" content="CIRAIG" />
<meta property="article:publisher" content="https://www.facebook.com/CIRAIG/" />
<meta property="article:modified_time" content="2026-03-23T16:25:47+00:00" />
<meta property="og:image" content="https://ciraig.org/wp-content/uploads/display_project_matthieu.png" />
	<meta property="og:image:width" content="1536" />
	<meta property="og:image:height" content="1024" />
	<meta property="og:image:type" content="image/png" />
<meta name="twitter:card" content="summary_large_image" />
<meta name="twitter:site" content="@ciraig" />
<meta name="twitter:label1" content="Est. reading time" />
	<meta name="twitter:data1" content="3 minutes" />
<script type="application/ld+json" class="yoast-schema-graph">{"@context":"https:\/\/schema.org","@graph":[{"@type":"WebPage","@id":"https:\/\/ciraig.org\/index.php\/fr\/student-projects\/coupler-les-modeles-de-systeme-energetique-avec-lanalyse-de-cycle-de-vie-2\/","url":"https:\/\/ciraig.org\/index.php\/fr\/student-projects\/coupler-les-modeles-de-systeme-energetique-avec-lanalyse-de-cycle-de-vie-2\/","name":"Coupler les modèles de système énergétique avec l’analyse de cycle de vie - CIRAIG","isPartOf":{"@id":"https:\/\/ciraig.org\/#website"},"primaryImageOfPage":{"@id":"https:\/\/ciraig.org\/index.php\/fr\/student-projects\/coupler-les-modeles-de-systeme-energetique-avec-lanalyse-de-cycle-de-vie-2\/#primaryimage"},"image":{"@id":"https:\/\/ciraig.org\/index.php\/fr\/student-projects\/coupler-les-modeles-de-systeme-energetique-avec-lanalyse-de-cycle-de-vie-2\/#primaryimage"},"thumbnailUrl":"https:\/\/ciraig.org\/wp-content\/uploads\/display_project_matthieu.png","datePublished":"2026-02-04T14:45:19+00:00","dateModified":"2026-03-23T16:25:47+00:00","breadcrumb":{"@id":"https:\/\/ciraig.org\/index.php\/fr\/student-projects\/coupler-les-modeles-de-systeme-energetique-avec-lanalyse-de-cycle-de-vie-2\/#breadcrumb"},"inLanguage":"en-CA","potentialAction":[{"@type":"ReadAction","target":["https:\/\/ciraig.org\/index.php\/fr\/student-projects\/coupler-les-modeles-de-systeme-energetique-avec-lanalyse-de-cycle-de-vie-2\/"]}]},{"@type":"ImageObject","inLanguage":"en-CA","@id":"https:\/\/ciraig.org\/index.php\/fr\/student-projects\/coupler-les-modeles-de-systeme-energetique-avec-lanalyse-de-cycle-de-vie-2\/#primaryimage","url":"https:\/\/ciraig.org\/wp-content\/uploads\/display_project_matthieu.png","contentUrl":"https:\/\/ciraig.org\/wp-content\/uploads\/display_project_matthieu.png","width":1536,"height":1024},{"@type":"BreadcrumbList","@id":"https:\/\/ciraig.org\/index.php\/fr\/student-projects\/coupler-les-modeles-de-systeme-energetique-avec-lanalyse-de-cycle-de-vie-2\/#breadcrumb","itemListElement":[{"@type":"ListItem","position":1,"name":"Home","item":"https:\/\/ciraig.org\/"},{"@type":"ListItem","position":2,"name":"Student Projects","item":"https:\/\/ciraig.org\/index.php\/student-projects\/"},{"@type":"ListItem","position":3,"name":"Coupler les modèles de système énergétique avec l’analyse de cycle de vie"}]},{"@type":"WebSite","@id":"https:\/\/ciraig.org\/#website","url":"https:\/\/ciraig.org\/","name":"CIRAIG","description":"Shaping and implementing metrics for sustainability","publisher":{"@id":"https:\/\/ciraig.org\/#organization"},"potentialAction":[{"@type":"SearchAction","target":{"@type":"EntryPoint","urlTemplate":"https:\/\/ciraig.org\/?s={search_term_string}"},"query-input":{"@type":"PropertyValueSpecification","valueRequired":true,"valueName":"search_term_string"}}],"inLanguage":"en-CA"},{"@type":"Organization","@id":"https:\/\/ciraig.org\/#organization","name":"CIRAIG","url":"https:\/\/ciraig.org\/","logo":{"@type":"ImageObject","inLanguage":"en-CA","@id":"https:\/\/ciraig.org\/#\/schema\/logo\/image\/","url":"https:\/\/ciraig.org\/wp-content\/uploads\/CIRAIG_NVID_logo_RGB_no-tagline.png","contentUrl":"https:\/\/ciraig.org\/wp-content\/uploads\/CIRAIG_NVID_logo_RGB_no-tagline.png","width":2722,"height":1547,"caption":"CIRAIG"},"image":{"@id":"https:\/\/ciraig.org\/#\/schema\/logo\/image\/"},"sameAs":["https:\/\/www.facebook.com\/CIRAIG\/","https:\/\/x.com\/ciraig","https:\/\/www.linkedin.com\/company\/ciraig\/"]}]}</script>
<!-- / Yoast SEO plugin. -->

Coupler les modèles de système énergétique avec l’analyse de cycle de vie - CIRAIG
